{"id":281,"date":"2022-05-23T11:10:53","date_gmt":"2022-05-23T11:10:53","guid":{"rendered":"http:\/\/dummy.xtemos.com\/woodmart2\/megamarket-elementor\/?page_id=281"},"modified":"2025-01-07T10:03:30","modified_gmt":"2025-01-07T13:03:30","slug":"payment-and-delivery","status":"publish","type":"page","link":"https:\/\/orbitautomacao.com.br\/loja\/payment-and-delivery\/","title":{"rendered":"Payment and Delivery"},"content":{"rendered":"\t\t<div data-elementor-type=\"wp-page\" data-elementor-id=\"281\" class=\"elementor elementor-281\" data-elementor-post-type=\"page\">\n\t\t\t\t<div class=\"wd-negative-gap elementor-element elementor-element-0896253 e-flex e-con-boxed e-con e-parent\" data-id=\"0896253\" data-element_type=\"container\" data-e-type=\"container\">\n\t\t\t\t\t<div class=\"e-con-inner\">\n\t\t\t\t<div class=\"elementor-element elementor-element-9c58ddf wd-width-100 elementor-widget elementor-widget-wd_title\" data-id=\"9c58ddf\" data-element_type=\"widget\" data-e-type=\"widget\" data-widget_type=\"wd_title.default\">\n\t\t\t\t<div class=\"elementor-widget-container\">\n\t\t\t\t\t\t\t<div class=\"title-wrapper set-mb-s reset-last-child wd-title-color-default wd-title-style-default wd-title-size-large text-left\">\n\n\t\t\t\n\t\t\t<div class=\"liner-continer\">\n\t\t\t\t<h4 class=\"woodmart-title-container title wd-fontsize-xxl\">Informa\u00e7\u00f5es de entrega<\/h4> \n\t\t\t\t\t\t\t<\/div>\n\n\t\t\t\t\t<\/div>\n\t\t\t\t\t\t<\/div>\n\t\t\t\t<\/div>\n\t\t<div class=\"elementor-element elementor-element-016b99e e-con-full e-flex e-con e-child\" data-id=\"016b99e\" data-element_type=\"container\" data-e-type=\"container\">\n\t\t<div class=\"elementor-element elementor-element-46876db e-con-full e-flex e-con e-child\" data-id=\"46876db\" data-element_type=\"container\" data-e-type=\"container\">\n\t\t\t\t<div class=\"elementor-element elementor-element-b2220fe wd-width-100 elementor-widget elementor-widget-wd_title\" data-id=\"b2220fe\" data-element_type=\"widget\" data-e-type=\"widget\" data-widget_type=\"wd_title.default\">\n\t\t\t\t<div class=\"elementor-widget-container\">\n\t\t\t\t\t\t\t<div class=\"title-wrapper set-mb-s reset-last-child wd-title-color-default wd-title-style-default wd-title-size-medium text-left\">\n\n\t\t\t\n\t\t\t<div class=\"liner-continer\">\n\t\t\t\t<h4 class=\"woodmart-title-container title wd-fontsize-xl\">Quando \u00e9 que a minha encomenda chega?<\/h4> \n\t\t\t\t\t\t\t<\/div>\n\n\t\t\t\t\t<\/div>\n\t\t\t\t\t\t<\/div>\n\t\t\t\t<\/div>\n\t\t\t\t<div class=\"elementor-element elementor-element-f7edee0 elementor-widget elementor-widget-wd_text_block\" data-id=\"f7edee0\" data-element_type=\"widget\" data-e-type=\"widget\" data-widget_type=\"wd_text_block.default\">\n\t\t\t\t<div class=\"elementor-widget-container\">\n\t\t\t\t\t\t\t<div class=\"wd-text-block reset-last-child text-left\">\n\t\t\t\n\t\t\t<p>Se a c\u00f3pia se tornar uma distra\u00e7\u00e3o no design, ent\u00e3o voc\u00ea est\u00e1 fazendo algo errado ou eles est\u00e3o discutindo altera\u00e7\u00f5es de c\u00f3pia. Pode ser um pouco irritante, mas voc\u00ea poderia dizer-lhes que essa discuss\u00e3o seria mais adequada para outro momento.<\/p>\n\t\t\t\t\t<\/div>\n\t\t\t\t\t\t<\/div>\n\t\t\t\t<\/div>\n\t\t\t\t<\/div>\n\t\t<div class=\"elementor-element elementor-element-e2d81d4 e-con-full e-flex e-con e-child\" data-id=\"e2d81d4\" data-element_type=\"container\" data-e-type=\"container\">\n\t\t\t\t<div class=\"elementor-element elementor-element-4495a8a wd-width-100 elementor-widget elementor-widget-wd_title\" data-id=\"4495a8a\" data-element_type=\"widget\" data-e-type=\"widget\" data-widget_type=\"wd_title.default\">\n\t\t\t\t<div class=\"elementor-widget-container\">\n\t\t\t\t\t\t\t<div class=\"title-wrapper set-mb-s reset-last-child wd-title-color-default wd-title-style-default wd-title-size-medium text-left\">\n\n\t\t\t\n\t\t\t<div class=\"liner-continer\">\n\t\t\t\t<h4 class=\"woodmart-title-container title wd-fontsize-xl\">When will my order ship?<\/h4> \n\t\t\t\t\t\t\t<\/div>\n\n\t\t\t\t\t<\/div>\n\t\t\t\t\t\t<\/div>\n\t\t\t\t<\/div>\n\t\t\t\t<div class=\"elementor-element elementor-element-8e40ea5 elementor-widget elementor-widget-wd_text_block\" data-id=\"8e40ea5\" data-element_type=\"widget\" data-e-type=\"widget\" data-widget_type=\"wd_text_block.default\">\n\t\t\t\t<div class=\"elementor-widget-container\">\n\t\t\t\t\t\t\t<div class=\"wd-text-block reset-last-child text-left\">\n\t\t\t\n\t\t\t<p>Se a c\u00f3pia se tornar uma distra\u00e7\u00e3o no design, ent\u00e3o voc\u00ea est\u00e1 fazendo algo errado ou eles est\u00e3o discutindo altera\u00e7\u00f5es de c\u00f3pia. Pode ser um pouco irritante, mas voc\u00ea poderia dizer-lhes que essa discuss\u00e3o seria mais adequada para outro momento.<\/p>\n\t\t\t\t\t<\/div>\n\t\t\t\t\t\t<\/div>\n\t\t\t\t<\/div>\n\t\t\t\t<\/div>\n\t\t\t\t<\/div>\n\t\t\t\t\t<\/div>\n\t\t\t\t<\/div>\n\t\t<div class=\"wd-negative-gap elementor-element elementor-element-217836e e-flex e-con-boxed e-con e-parent\" data-id=\"217836e\" data-element_type=\"container\" data-e-type=\"container\">\n\t\t\t\t\t<div class=\"e-con-inner\">\n\t\t\t\t<div class=\"elementor-element elementor-element-1bd359d elementor-widget elementor-widget-wd_image_or_svg\" data-id=\"1bd359d\" data-element_type=\"widget\" data-e-type=\"widget\" data-widget_type=\"wd_image_or_svg.default\">\n\t\t\t\t<div class=\"elementor-widget-container\">\n\t\t\t\t\t\n\t\t<div class=\"wd-image text-left\">\n\t\t\t\t\t\t\t\t<img fetchpriority=\"high\" decoding=\"async\" width=\"1440\" height=\"450\" src=\"https:\/\/orbitautomacao.com.br\/loja\/wp-content\/uploads\/2022\/05\/payment-and-delivery.jpg\" class=\"attachment-full size-full\" alt=\"\" \/>\t\t\t\t\t<\/div>\n\n\t\t\t\t\t\t<\/div>\n\t\t\t\t<\/div>\n\t\t\t\t<div class=\"elementor-element elementor-element-6913474 elementor-widget elementor-widget-wd_text_block\" data-id=\"6913474\" data-element_type=\"widget\" data-e-type=\"widget\" data-widget_type=\"wd_text_block.default\">\n\t\t\t\t<div class=\"elementor-widget-container\">\n\t\t\t\t\t\t\t<div class=\"wd-text-block reset-last-child text-left\">\n\t\t\t\n\t\t\t<table>\n<tbody>\n<tr>\n<td width=\"214\"><strong>Shipping Metods<\/strong><\/td>\n<td width=\"214\"><strong>Rate<\/strong><\/td>\n<td width=\"214\"><strong>Max Charge<\/strong><\/td>\n<\/tr>\n<tr>\n<td width=\"214\">FedEx<\/td>\n<td width=\"214\">10% of order value<\/td>\n<td width=\"214\"><strong><span style=\"color: #1246ab;\">$299<\/span><\/strong><\/td>\n<\/tr>\n<tr>\n<td width=\"214\">FedEx, Signature Required<\/td>\n<td width=\"214\">10% of order value + $20<\/td>\n<td width=\"214\"><strong><span style=\"color: #1246ab;\">$299 + $20<\/span><\/strong><\/td>\n<\/tr>\n<tr>\n<td width=\"214\">In-Home Delivery<\/td>\n<td width=\"214\">$299 per trip<\/td>\n<td width=\"214\"><strong><span style=\"color: #1246ab;\">$299<\/span><\/strong><\/td>\n<\/tr>\n<tr>\n<td width=\"214\">In-Home Delivery, Time-Specific<\/td>\n<td width=\"214\">$399 per trip<\/td>\n<td width=\"214\"><strong><span style=\"color: #1246ab;\">$299<\/span><\/strong><\/td>\n<\/tr>\n<\/tbody>\n<\/table>\n\t\t\t\t\t<\/div>\n\t\t\t\t\t\t<\/div>\n\t\t\t\t<\/div>\n\t\t\t\t\t<\/div>\n\t\t\t\t<\/div>\n\t\t<div class=\"wd-negative-gap elementor-element elementor-element-dd683ed e-flex e-con-boxed e-con e-parent\" data-id=\"dd683ed\" data-element_type=\"container\" data-e-type=\"container\">\n\t\t\t\t\t<div class=\"e-con-inner\">\n\t\t<div class=\"elementor-element elementor-element-181d896 e-con-full e-flex e-con e-child\" data-id=\"181d896\" data-element_type=\"container\" data-e-type=\"container\">\n\t\t\t\t<div class=\"elementor-element elementor-element-00cdb98 wd-width-100 elementor-widget elementor-widget-wd_title\" data-id=\"00cdb98\" data-element_type=\"widget\" data-e-type=\"widget\" data-widget_type=\"wd_title.default\">\n\t\t\t\t<div class=\"elementor-widget-container\">\n\t\t\t\t\t\t\t<div class=\"title-wrapper set-mb-s reset-last-child wd-title-color-default wd-title-style-default wd-title-size-medium text-left\">\n\n\t\t\t\n\t\t\t<div class=\"liner-continer\">\n\t\t\t\t<h4 class=\"woodmart-title-container title wd-fontsize-xl\">Tempo de entrega<\/h4> \n\t\t\t\t\t\t\t<\/div>\n\n\t\t\t\t\t<\/div>\n\t\t\t\t\t\t<\/div>\n\t\t\t\t<\/div>\n\t\t\t\t<div class=\"elementor-element elementor-element-f172fbd elementor-widget elementor-widget-wd_text_block\" data-id=\"f172fbd\" data-element_type=\"widget\" data-e-type=\"widget\" data-widget_type=\"wd_text_block.default\">\n\t\t\t\t<div class=\"elementor-widget-container\">\n\t\t\t\t\t\t\t<div class=\"wd-text-block reset-last-child text-left\">\n\t\t\t\n\t\t\t<p>Se a c\u00f3pia se tornar uma distra\u00e7\u00e3o no design, ent\u00e3o voc\u00ea est\u00e1 fazendo algo errado ou eles est\u00e3o discutindo altera\u00e7\u00f5es de c\u00f3pia. Pode ser um pouco irritante, mas voc\u00ea poderia dizer-lhes que essa discuss\u00e3o seria mais adequada para outro momento.<\/p>\n\t\t\t\t\t<\/div>\n\t\t\t\t\t\t<\/div>\n\t\t\t\t<\/div>\n\t\t\t\t<\/div>\n\t\t<div class=\"elementor-element elementor-element-869be0e e-con-full e-flex e-con e-child\" data-id=\"869be0e\" data-element_type=\"container\" data-e-type=\"container\">\n\t\t\t\t<div class=\"elementor-element elementor-element-8a557bf wd-width-100 elementor-widget elementor-widget-wd_title\" data-id=\"8a557bf\" data-element_type=\"widget\" data-e-type=\"widget\" data-widget_type=\"wd_title.default\">\n\t\t\t\t<div class=\"elementor-widget-container\">\n\t\t\t\t\t\t\t<div class=\"title-wrapper set-mb-s reset-last-child wd-title-color-default wd-title-style-default wd-title-size-medium text-left\">\n\n\t\t\t\n\t\t\t<div class=\"liner-continer\">\n\t\t\t\t<h4 class=\"woodmart-title-container title wd-fontsize-xl\">Rastreamento<\/h4> \n\t\t\t\t\t\t\t<\/div>\n\n\t\t\t\t\t<\/div>\n\t\t\t\t\t\t<\/div>\n\t\t\t\t<\/div>\n\t\t\t\t<div class=\"elementor-element elementor-element-a52d675 elementor-widget elementor-widget-wd_text_block\" data-id=\"a52d675\" data-element_type=\"widget\" data-e-type=\"widget\" data-widget_type=\"wd_text_block.default\">\n\t\t\t\t<div class=\"elementor-widget-container\">\n\t\t\t\t\t\t\t<div class=\"wd-text-block reset-last-child text-left\">\n\t\t\t\n\t\t\t<p>Se a c\u00f3pia se tornar uma distra\u00e7\u00e3o no design, ent\u00e3o voc\u00ea est\u00e1 fazendo algo errado ou eles est\u00e3o discutindo altera\u00e7\u00f5es de c\u00f3pia. Pode ser um pouco irritante, mas voc\u00ea poderia dizer-lhes que essa discuss\u00e3o seria mais adequada para outro momento.<\/p>\n\t\t\t\t\t<\/div>\n\t\t\t\t\t\t<\/div>\n\t\t\t\t<\/div>\n\t\t\t\t<\/div>\n\t\t\t\t\t<\/div>\n\t\t\t\t<\/div>\n\t\t\t\t<\/div>\n\t\t","protected":false},"excerpt":{"rendered":"<p>Informa\u00e7\u00f5es de entrega Quando \u00e9 que a minha encomenda chega? Se a c\u00f3pia se tornar uma distra\u00e7\u00e3o no design, ent\u00e3o<\/p>\n","protected":false},"author":1,"featured_media":0,"parent":0,"menu_order":0,"comment_status":"closed","ping_status":"closed","template":"","meta":{"footnotes":""},"class_list":["post-281","page","type-page","status-publish","hentry"],"_links":{"self":[{"href":"https:\/\/orbitautomacao.com.br\/loja\/wp-json\/wp\/v2\/pages\/281","targetHints":{"allow":["GET"]}}],"collection":[{"href":"https:\/\/orbitautomacao.com.br\/loja\/wp-json\/wp\/v2\/pages"}],"about":[{"href":"https:\/\/orbitautomacao.com.br\/loja\/wp-json\/wp\/v2\/types\/page"}],"author":[{"embeddable":true,"href":"https:\/\/orbitautomacao.com.br\/loja\/wp-json\/wp\/v2\/users\/1"}],"replies":[{"embeddable":true,"href":"https:\/\/orbitautomacao.com.br\/loja\/wp-json\/wp\/v2\/comments?post=281"}],"version-history":[{"count":6,"href":"https:\/\/orbitautomacao.com.br\/loja\/wp-json\/wp\/v2\/pages\/281\/revisions"}],"predecessor-version":[{"id":27840,"href":"https:\/\/orbitautomacao.com.br\/loja\/wp-json\/wp\/v2\/pages\/281\/revisions\/27840"}],"wp:attachment":[{"href":"https:\/\/orbitautomacao.com.br\/loja\/wp-json\/wp\/v2\/media?parent=281"}],"curies":[{"name":"wp","href":"https:\/\/api.w.org\/{rel}","templated":true}]}}